of j.
2, 5
Suppose -n - 2*c = c - 27, 5*n - 199 = c. List the prime factors of n.
3, 13
Let w = -6 - -63. List the prime factors of w.
3, 19
Suppose -13*m = -7*m - 66. What are the prime factors of m?
11
Let v(o) = o**3 - 6*o**2 + 3*o + 4. Suppose -3*r + 12 = -0*r. Let u be v(r). Let j = u + 33. List the prime factors of j.
17
Let a(k) = k**3 - 9*k**2 + 8*k. Let m be a(8). Suppose m = 5*o - 9 - 16. What are the prime factors of 42/10 + (-1)/o?
2
Suppose -3*g - 6 = -21. What are the prime factors of g/15*(70 + -1)?
23
Suppose 5*k + 23 = 5*v - 17, 0 = 5*v + 5*k. Let m(r) be the first derivative of r**2 + 2*r - 1. List the prime factors of m(v).
2, 5
Let r(k) be the third derivative of -k**4/24 - 4*k**3/3 + 2*k**2. Let t be r(-8). Suppose t = 5*z - 31 - 24. What are the prime factors of z?
11
Let y = 193 - 105. List the prime factors of y.
2, 11
Suppose -96 = -3*q + 4*m - 25, -95 = -3*q - 2*m. List the prime factors of q.
29
Let u(i) = 5*i**3 - 8*i**2 - 3*i + 5. Let d(m) = -m**3 + m**2 - m. Let r(c) = -4*d(c) - u(c). Let h be r(5). What are the prime factors of 47/h + (-2)/5?
3
Suppose -3*z + 3*x = -0*z - 204, 0 = 4*z + x - 247. List the prime factors of z.
3, 7
Suppose 5*l - v - 3*v + 48 = 0, 0 = -2*l - 2*v - 12. What are the prime factors of (-114)/l + (-3)/12?
2, 7
Let j(x) = -2*x + x + 0*x + 10. Let n be j(5). Suppose 0 = 2*y - n*y + 21. What are the prime factors of y?
7
Suppose 0 = -r - 2*v + 92, 4*r + 4*v = 3*r + 90. What are the prime factors of r?
2, 47
Let o(a) = a**3 - 7*a**2 + 9. List the prime factors of o(7).
3
Let h(p) = -p**2 - 8*p - 1. What are the prime factors of h(-5)?
2, 7
Suppose 0 = 5*o - 4*o - 9. Suppose 2*v + b = 25, -o = -v - b + 2. List the prime factors of v.
2, 7
Let t = -25 - -74. List the prime factors of t.
7
Let p = 60 - 34. List the prime factors of p.
2, 13
Suppose 105 = 4*h - 359. List the prime factors of h.
2, 29
Suppose 4*p + 3*r = -0*p - 74, 0 = 3*p - 4*r + 43. Let w = -2 - p. List the prime factors of w.
3, 5
Let m be ((-24)/10)/((-2)/10). Suppose o + 12 = j + 3*o, j - 5*o = m. List the prime factors of j.
2, 3
Let q(w) = w**2 - 17*w + 40. What are the prime factors of q(16)?
2, 3
Let t(a) = 22*a**3 - a**2 + 1. List the prime factors of t(1).
2, 11
Let a(m) = -5*m. Let s(l) = l + 1. Let o(c) = -c**2 + c + 3. Let u be o(3). Let x be s(u). List the prime factors of a(x).
2, 5
Suppose -2 + 7 = n. Let y(t) = t**3 - 5*t**2 + 3*t + 5. List the prime factors of y(n).
2, 5
Suppose -1 = -0*f - f. Suppose f = 3*q - 8. Suppose q*w = -w + 16. List the prime factors of w.
2
Let z = -88 + 177. List the prime factors of z.
89
Let f be ((-10)/(-2) + -6)*-5. Let d = 11 - 4. Suppose d = -f*o + 32. List the prime factors of o.
5
Let m = 18 - -19. List the prime factors of m.
37
Suppose -2*p + 5*z + 244 = 0, -4*p + 478 = -2*z - 3*z. List the prime factors of p.
3, 13
Let i(d) = 2*d**2 - 3*d + 1. Let j be i(2). Let v(z) = 3*z**2 + 3*z + 1. What are the prime factors of v(j)?
37
Let p be 3 + 2/6*0. Suppose 3*c = -2*z + 39, p*z - 59 = 3*c - 8. What are the prime factors of z?
2, 3
Let o(f) = 2*f**2 - 9*f - 9. Let j be o(7). Suppose j = 2*l + 4*s, -3*l = 3*s + 23 - 59. List the prime factors of l.
11
Suppose -111 = -2*n + 4*w + 47, -2*n - 3*w = -151. List the prime factors of n.
7, 11
Let d = 248 + -148. List the prime factors of d.
2, 5
Let n be ((-1)/2)/(1/36). What are the prime factors of (-1)/3 + (-204)/n?
11
Let p be 1/(-3)*(1 + -10). Suppose p*d = -w + 8, -2 - 2 = -2*w. Suppose 5*o - 8 = -d*f + 22, -5*f + 45 = 5*o. List the prime factors of o.
2
Let u = 304 - 174. What are the prime factors of u/8 + (-3)/12?
2
Let t(r) = 2 - 1 + r - 2*r**3 - 3*r**3 + 3*r**3. Let g be t(-1). Suppose g*j - 2 - 6 = m, 3*j - 4*m = 2. List the prime factors of j.
2, 3
Let u(r) = -r**3 - 7*r**2 + r + 9. Let s be u(-7). Suppose h = s*h - 5. Suppose g = h*a + 4*g - 86, -a = 3*g - 22. List the prime factors of a.
2
Let j = 7 + 2. Let t = j + -2. List the prime factors of t.
7
Suppose 24 = 4*c + 4*t, 0*c + 5*t + 24 = 4*c. Suppose c*y - 3*y = 6. Suppose -y*l = -0*l - 18. What are the prime factors of l?
3
Let f(j) = j - 3 - 4 + j. Let u be f(6). Suppose p - 27 = -5*n, 2*p + 3*p + 15 = u*n. What are the prime factors of n?
5
Suppose -903 - 217 = -4*v. List the prime factors of v.
2, 5, 7
Let y(o) be the third derivative of -o**6/120 + o**5/10 + o**3/2 + 2*o**2. Let p be y(6). Let l = 2 + p. List the prime factors of l.
5
Suppose -u = -4*s + 50, -4*s + 34 = -2*s + 4*u. List the prime factors of s.
13
What are the prime factors of (-2)/(-5) + 176/10?
2, 3
Let t = -7 + 13. Suppose 2*z + t = 14. Suppose 48 = z*w + 4. List the prime factors of w.
11
Let q(o) = -3 + 13 - o + 0*o. Suppose 0 = 2*m + y - 17, 2*m + 1 = 2*y + 3*y. List the prime factors of q(m).
3
Let d(s) = s**3 + 2*s**2 - s + 10. Let p be 29/(-9) - 2/(-9). Let w(n) = n**3 + 3*n**2 + 9. Let h(a) = p*w(a) + 2*d(a). What are the prime factors of h(-5)?
3
Let l(z) = -z**3 - 4*z**2 - 2*z + 4. Let d be l(-3). Let n be (0/(2 - 0))/d. Suppose 30 = -n*c + 3*c. What are the prime factors of c?
2, 5
Suppose 5*s - 60 = 3*r, -3*s = -s - 3*r - 24. List the prime factors of s.
2, 3
Let t = 11 + -7. Suppose -3*f = -5*c - 49, -33 = -f + 3*c + 2*c. Suppose 2*o + 36 = -2*n + 6*n, t*o = f. What are the prime factors of n?
2, 5
List the prime factors of 1680/36 - (-4)/(-6).
2, 23
Suppose -3*f + 36 = -f - 2*m, -51 = -2*f - 3*m. List the prime factors of f.
3, 7
Suppose 3*j + 2*j - 10 = 0. What are the prime factors of (1 + -5)*j/(-4)?
2
Let o = 3 - -40. What are the prime factors of o?
43
Let t(d) be the second derivative of d**5/20 - 5*d**4/12 + d**3/6 - 3*d**2/2 - 3*d. What are the prime factors of t(5)?
2
Let h(f) = f**3 + 8*f**2 + f - 1. What are the prime factors of h(-7)?
41
Let r be 5/15 - 58/(-6). What are the prime factors of (65/r)/(1/2)?
13
Suppose -29*z - 1128 = -35*z. What are the prime factors of z?
2, 47
Let y(r) be the first derivative of -r**4/4 + 4*r**3/3 + 3*r**2 - 3*r - 2. What are the prime factors of y(5)?
2
What are the prime factors of (-213)/(2*12/(-8))?
71
Let p = 43 - 13. What are the prime factors of p?
2, 3, 5
Suppose -3*y + 14 = 5*n - 31, -3*n + 5*y - 7 = 0. Let d(w) = w + 5. List the prime factors of d(n).
11
Let v(l) = 10*l - 28. What are the prime factors of v(10)?
2, 3
Let r(f) = f**2 + 5*f - 12. Let k(m) = -2*m + 1. Let a be k(5). List the prime factors of r(a).
2, 3
Let f be 14 + -8 + -1 + -1. Let y = f - -4. List the prime factors of y.
2
Let m be 3017/56 - (-1)/8. Suppose -103 - 2 = -3*f. Let j = m - f. List the prime factors of j.
19
Let l(i) = 2*i**2 - 5*i. Let x = -3 + 8. Let g = x + -1. What are the prime factors of l(g)?
2, 3
Suppose 4*u = u - 3*a + 63, -5*u + 101 = a. Let j = 43 - u. What are the prime factors of j?
23
Let b = -9 + 7. What are the prime factors of b*1/4*-26?
13
Let r(n) = n**3 - n**2 - n + 1. Let o be r(2). Suppose 0 = o*m - d - 54, -5*d + 72 = 4*m - d. List the prime factors of m.
2, 3
Let n be 9 - (2 + 1)/1. List the prime factors of (62/n)/(7/21).
31
Let i = -13 + 70. List the prime factors of i.
3, 19
Suppose -29 = -q + z - 9, q - 2*z = 19. List the prime factors of q.
3, 7
Let t = 412 - 240. Suppose -t + 40 = -4*q. List the prime factors of q.
3, 11
Let y = -59 - -94. Suppose -2*w - 2*w + 3*v + y = 0, -3*w = -2*v - 26. What are the prime factors of w?
2
Let n be (2/3)/((-4)/(-18)). Suppose -h = 2*x + 2, -5*x = n*h + h + 11. Let z = x - -3. What are the prime factors of z?
2
Let d(r) = r**2 + 8*r - 15. List the prime factors of d(-10).
5
Let o(l) = 0 + 1 - 3*l - l**2 + 2*l + 6*l. List the prime factors of o(4).
5
Let i be 1/5 - 781/55. Let m = 3 - i. What are the prime factors of m?
17
Suppose -4*c + 3*n + 19 = 0, 5*c + 3 = 3*c - n. Let m(f) = 8*f**3 - f + 1. What are the prime factors of m(c)?
2
Let x = 19 - -64. What are the prime factors of x?
83
Let i = -6 - -8. Suppose -3*n + i*n - 4 = 0. What are the prime factors of ((-6)/n)/((-12)/(-80))?
2, 5
Let d = -475 + 737. What are the prime factors of d?
2, 131
Let d be (8/(-3))/((-2)/(-12)). List the prime factors of (3/2)/((-12)/d).
2
Let b(a) = -a**3 + 4*a**2 - 5*a + 3. Let t be b(3). Let r be 1*t + 3 + 36. Suppose g - 6*m - r = -2*m, -4*g + 4*m = -96. List the prime factors of g.
2, 5
Suppose 